 divided by 17?
0
What is the remainder when 273 is divided by 11?
9
What is the remainder when 213 is divided by 106?
1
What is the remainder when 1342 is divided by 56?
54
Calculate the remainder when 362 is divided by 118.
8
Calculate the remainder when 36229 is divided by 56.
53
What is the remainder when 61 is divided by 57?
4
Calculate the remainder when 807 is divided by 30.
27
Calculate the remainder when 96 is divided by 88.
8
What is the remainder when 257 is divided by 37?
35
What is the remainder when 314 is divided by 143?
28
Calculate the remainder when 162 is divided by 50.
12
What is the remainder when 228 is divided by 99?
30
Calculate the remainder when 1923 is divided by 37.
36
Calculate the remainder when 172 is divided by 19.
1
Calculate the remainder when 236 is divided by 26.
2
What is the remainder when 600 is divided by 101?
95
Calculate the remainder when 2542 is divided by 1246.
50
What is the remainder when 35349 is divided by 18?
15
Calculate the remainder when 364 is divided by 48.
28
What is the remainder when 639 is divided by 234?
171
Calculate the remainder when 82 is divided by 24.
10
What is the remainder when 76 is divided by 33?
10
What is the remainder when 5905 is divided by 19?
15
What is the remainder when 367 is divided by 23?
22
What is the remainder when 56 is divided by 7?
0
Calculate the remainder when 652 is divided by 13.
2
Calculate the remainder when 413 is divided by 75.
38
Calculate the remainder when 261 is divided by 231.
30
Calculate the remainder when 685 is divided by 3.
1
What is the remainder when 150 is divided by 3?
0
What is the remainder when 2066 is divided by 652?
110
Calculate the remainder when 8321 is divided by 7.
5
Calculate the remainder when 96 is divided by 25.
21
Calculate the remainder when 238 is divided by 10.
8
Calculate the remainder when 280 is divided by 13.
7
What is the remainder when 259 is divided by 63?
7
Calculate the remainder when 20 is divided by 11.
9
What is the remainder when 253 is divided by 93?
67
What is the remainder when 1203 is divided by 71?
67
Calculate the remainder when 143 is divided by 20.
3
What is the remainder when 169 is divided by 54?
7
What is the remainder when 1198 is divided by 14?
8
Calculate the remainder when 572 is divided by 82.
80
What is the remainder when 26 is divided by 7?
5
Calculate the remainder when 1072 is divided by 108.
100
What is the remainder when 355 is divided by 26?
17
Calculate the remainder when 409 is divided by 41.
40
What is the remainder when 1177 is divided by 20?
17
What is the remainder when 3038 is divided by 80?
78
Calculate the remainder when 466 is divided by 47.
43
What is the remainder when 866 is divided by 282?
20
What is the remainder when 679 is divided by 98?
91
What is the remainder when 781 is divided by 6?
1
What is the remainder when 162 is divided by 5?
2
What is the remainder when 2273 is divided by 20?
13
What is the remainder when 10226 is divided by 93?
89
What is the remainder when 492 is divided by 123?
0
What is the remainder when 109 is divided by 30?
19
Calculate the remainder when 568 is divided by 284.
0
Calculate the remainder when 35 is divided by 21.
14
Calculate the remainder when 592 is divided by 3.
1
What is the remainder when 43 is divided by 39?
4
Calculate the remainder when 307 is divided by 92.
31
Calculate the remainder when 122 is divided by 31.
29
What is the remainder when 354 is divided by 90?
84
Calculate the remainder when 9 is divided by 4.
1
Calculate the remainder when 245 is divided by 10.
5
Calculate the remainder when 159 is divided by 38.
7
What is the remainder when 10937 is divided by 4?
1
Calculate the remainder when 147 is divided by 19.
14
Calculate the remainder when 949 is divided by 17.
14
Calculate the remainder when 350 is divided by 2.
0
What is the remainder when 389 is divided by 13?
12
Calculate the remainder when 1536 is divided by 22.
18
Calculate the remainder when 14 is divided by 12.
2
What is the remainder when 131 is divided by 25?
6
Calculate the remainder when 239 is divided by 57.
11
Calculate the remainder when 52 is divided by 38.
14
Calculate the remainder when 134 is divided by 9.
8
Calculate the remainder when 10887 is divided by 28.
23
What is the remainder when 1802 is divided by 29?
4
Calculate the remainder when 1006 is divided by 6.
4
Calculate the remainder when 269 is divided by 65.
9
Calculate the remainder when 846 is divided by 71.
65
What is the remainder when 183 is divided by 21?
15
What is the remainder when 898 is divided by 52?
14
Calculate the remainder when 2891 is divided by 161.
154
What is the remainder when 128 is divided by 112?
16
What is the remainder when 7716 is divided by 31?
28
Calculate the remainder when 438 is divided by 123.
69
What is the remainder when 714 is divided by 13?
12
Calculate the remainder when 2178 is divided by 20.
18
What is the remainder when 15553 is divided by 61?
59
Calculate the remainder when 571 is divided by 194.
183
What is the remainder when 831 is divided by 191?
67
What is the remainder when 395 is divided by 82?
67
Calculate the remainder when 494 is divided by 33.
32
What is the remainder when 123 is divided by 40?
3
Calculate the remainder when 4531 is divided by 188.
19
What is the remainder when 1883 is divided by 235?
3
What is the remainder when 1894 is divided by 49?
32
Calculate the remainder when 97 is divided by 84.
13
Calculate the remainder when 10814 is divided by 416.
414
What is the remainder when 609 is divided by 58?
29
Calculate the remainder when 512 is divided by 253.
6
What is the remainder when 141 is divided by 21?
15
Calculate the remainder when 5818 is divided by 15.
13
Calculate the remainder when 2908 is divided by 322.
10
Calculate the remainder when 394 is divided by 22.
20
Calculate the remainder when 11355 is divided by 355.
350
Calculate the remainder when 61 is divided by 49.
12
What is the remainder when 10552 is divided by 116?
112
Calculate the remainder when 274 is divided by 35.
29
What is the remainder when 4321 is divided by 46?
43
What is the remainder when 1365 is divided by 12?
9
What is the remainder when 112 is divided by 87?
25
What is the remainder when 3093 is divided by 182?
181
Calculate the remainder when 278 is divided by 73.
59
Calculate the remainder when 296 is divided by 2.
0
What is the remainder when 66 is divided by 43?
23
What is the remainder when 136 is divided by 23?
21
What is the remainder when 69 is divided by 7?
6
What is the remainder when 300 is divided by 49?
6
What is the remainder when 8447 is divided by 64?
63
Calculate the remainder when 563 is divided by 9.
5
Calculate the remainder when 649 is divided by 93.
91
Calculate the remainder when 218 is divided by 97.
24
Calculate the remainder when 21058 is divided by 36.
34
What is the remainder when 480 is divided by 44?
40
Calculate the remainder when 791 is divided by 80.
71
What is the remainder when 242 is divided by 235?
7
What is the remainder when 37 is divided by 19?
18
What is the remainder when 264 is divided by 90?
84
What is the remainder when 141 is divided by 61?
19
What is the remainder when 201 is divided by 29?
27
What is the remainder when 4535 is divided by 72?
71
What is the remainder when 1448 is divided by 63?
62
What is the remainder when 736 is divided by 47?
31
Calculate the remainder when 6801 is divided by 84.
81
What is the remainder when 264 is divided by 84?
12
Calculate the remainder when 472 is divided by 250.
222
What is the remainder when 270 is divided by 32?
14
Calculate the remainder when 498 is divided by 109.
62
Calculate the remainder when 209 is divided by 21.
20
Calculate the remainder when 10790 is divided by 19.
17
What is the remainder when 596 is divided by 15?
11
What is the remainder when 270 is divided by 68?
66
Calculate the remainder when 4611 is divided by 65.
61
What is the remainder when 4283 is divided by 63?
62
What is the remainder when 66 is divided by 27?
12
What is the remainder when 2011 is divided by 53?
50
What is the remainder when 3807 is divided by 35?
27
Calculate the remainder when 784 is divided by 79.
73
What is the remainder when 329 is divided by 112?
105
Calcu